{"id":16956,"date":"2026-03-05T08:20:00","date_gmt":"2026-03-05T07:20:00","guid":{"rendered":"https:\/\/antikdepot.cz\/?post_type=product&#038;p=16956"},"modified":"2026-03-06T07:01:52","modified_gmt":"2026-03-06T06:01:52","slug":"vzorek-barvy-a-povrchu-na-masivnim-dreve","status":"publish","type":"product","link":"https:\/\/antikdepot.cz\/en\/vzorek-barvy-a-povrchu-na-masivnim-dreve\/","title":{"rendered":"Vzorek barvy a povrchu na masivn\u00edm d\u0159ev\u011b"},"content":{"rendered":"","protected":false},"excerpt":{"rendered":"<h1>Vzorek barvy a povrchu na masivn\u00edm d\u0159ev\u011b<\/h1>\n<p>Po\u0161lete n\u00e1m \u010d\u00edslo barvy ze vzorn\u00edku a my p\u0159iprav\u00edme kousek d\u0159eva se zvolenou barvou a tak\u00e9 s fin\u00e1ln\u00edm povrchem (lak \/ vosk apod.). D\u00edky tomu uvid\u00edte odst\u00edn i skute\u010dn\u00fd dojem ze struktury a povrchu. <strong>Cena za zasl\u00e1n\u00ed vzorku bude p\u0159i objedn\u00e1vce n\u00e1bytku ode\u010dtena z celkov\u00e9 ceny<\/strong>.<\/p>","protected":false},"featured_media":16968,"template":"","meta":{"site-sidebar-layout":"default","site-content-layout":"","ast-site-content-layout":"default","site-content-style":"default","site-sidebar-style":"default","ast-global-header-display":"","ast-banner-title-visibility":"","ast-main-header-display":"","ast-hfb-above-header-display":"","ast-hfb-below-header-display":"","ast-hfb-mobile-header-display":"","site-post-title":"","ast-breadcrumbs-content":"","ast-featured-img":"","footer-sml-layout":"","ast-disable-related-posts":"","theme-transparent-header-meta":"default","adv-header-id-meta":"","stick-header-meta":"","header-above-stick-meta":"","header-main-stick-meta":"","header-below-stick-meta":"","astra-migrate-meta-layouts":"set","ast-page-background-enabled":"default","ast-page-background-meta":{"desktop":{"background-color":"","background-image":"","background-repeat":"repeat","background-position":"center center","background-size":"auto","background-attachment":"scroll","background-type":"","background-media":"","overlay-type":"","overlay-color":"","overlay-opacity":"","overlay-gradient":""},"tablet":{"background-color":"","background-image":"","background-repeat":"repeat","background-position":"center center","background-size":"auto","background-attachment":"scroll","background-type":"","background-media":"","overlay-type":"","overlay-color":"","overlay-opacity":"","overlay-gradient":""},"mobile":{"background-color":"","background-image":"","background-repeat":"repeat","background-position":"center center","background-size":"auto","background-attachment":"scroll","background-type":"","background-media":"","overlay-type":"","overlay-color":"","overlay-opacity":"","overlay-gradient":""}},"ast-content-background-meta":{"desktop":{"background-color":"var(--ast-global-color-5)","background-image":"","background-repeat":"repeat","background-position":"center center","background-size":"auto","background-attachment":"scroll","background-type":"","background-media":"","overlay-type":"","overlay-color":"","overlay-opacity":"","overlay-gradient":""},"tablet":{"background-color":"var(--ast-global-color-5)","background-image":"","background-repeat":"repeat","background-position":"center center","background-size":"auto","background-attachment":"scroll","background-type":"","background-media":"","overlay-type":"","overlay-color":"","overlay-opacity":"","overlay-gradient":""},"mobile":{"background-color":"var(--ast-global-color-5)","background-image":"","background-repeat":"repeat","background-position":"center center","background-size":"auto","background-attachment":"scroll","background-type":"","background-media":"","overlay-type":"","overlay-color":"","overlay-opacity":"","overlay-gradient":""}}},"product_brand":[],"product_cat":[128,130,131,147,132,129],"product_tag":[],"class_list":{"0":"post-16956","1":"product","2":"type-product","3":"status-publish","4":"has-post-thumbnail","6":"product_cat-selsky-nabytek","7":"product_cat-selske-komody-a-vitryny","8":"product_cat-selske-kredence-a-priborniky","9":"product_cat-selske-lavice","10":"product_cat-selske-skrine-a-ulozne-prostory","11":"product_cat-selske-stoly","12":"desktop-align-center","13":"tablet-align-left","14":"mobile-align-left","16":"first","17":"instock","18":"taxable","19":"shipping-taxable","20":"purchasable","21":"product-type-simple"},"_links":{"self":[{"href":"https:\/\/antikdepot.cz\/en\/wp-json\/wp\/v2\/product\/16956","targetHints":{"allow":["GET"]}}],"collection":[{"href":"https:\/\/antikdepot.cz\/en\/wp-json\/wp\/v2\/product"}],"about":[{"href":"https:\/\/antikdepot.cz\/en\/wp-json\/wp\/v2\/types\/product"}],"version-history":[{"count":4,"href":"https:\/\/antikdepot.cz\/en\/wp-json\/wp\/v2\/product\/16956\/revisions"}],"predecessor-version":[{"id":17030,"href":"https:\/\/antikdepot.cz\/en\/wp-json\/wp\/v2\/product\/16956\/revisions\/17030"}],"wp:featuredmedia":[{"embeddable":true,"href":"https:\/\/antikdepot.cz\/en\/wp-json\/wp\/v2\/media\/16968"}],"wp:attachment":[{"href":"https:\/\/antikdepot.cz\/en\/wp-json\/wp\/v2\/media?parent=16956"}],"wp:term":[{"taxonomy":"product_brand","embeddable":true,"href":"https:\/\/antikdepot.cz\/en\/wp-json\/wp\/v2\/product_brand?post=16956"},{"taxonomy":"product_cat","embeddable":true,"href":"https:\/\/antikdepot.cz\/en\/wp-json\/wp\/v2\/product_cat?post=16956"},{"taxonomy":"product_tag","embeddable":true,"href":"https:\/\/antikdepot.cz\/en\/wp-json\/wp\/v2\/product_tag?post=16956"}],"curies":[{"name":"wp","href":"https:\/\/api.w.org\/{rel}","templated":true}]}}

Vzorek barvy a povrchu na masivním dřevě

<h1>Vzorek barvy a povrchu na masivním dřevě</h1>
<p>Pošlete nám číslo barvy ze vzorníku a my připravíme kousek dřeva se zvolenou barvou a také s finálním povrchem (lak / vosk apod.). Díky tomu uvidíte odstín i skutečný dojem ze struktury a povrchu. <strong>Cena za zaslání vzorku bude při objednávce nábytku odečtena z celkové ceny</strong>.</p>
